)/s). Suppose -4*c - c - 4*z = -135, c - g = -5*z. Is c prime?
True
Let r = 20 - -71. Is r a prime number?
False
Let j = 195 + -32. Is j prime?
True
Let d = 173 - 116. Let q = 1 - -1. Suppose j = 4*i + d, 2*j - 3*i - 149 = -q*i. Is j a prime number?
False
Suppose -g + 24 = -4. Suppose 2*t - g = -2*r, 0*r - 2*r - t = -33. Is r a prime number?
True
Suppose 2 = -2*g + 4. Let l(o) be the second derivative of o**4 + o**3/3 - o**2/2 - o. Is l(g) prime?
True
Let o be (-1)/3*0/4. Suppose b + 4*b = o. Suppose 2*q - 54 = x - 2*x, b = 4*x + 4*q - 200. Is x prime?
False
Suppose 1523 = 6*h - 15799. Is h a prime number?
True
Is -1 - (5 - 1) - -2890 prime?
False
Let s = -26 + 38. Let j = s - -275. Is j prime?
False
Let v(z) = -z**2 - 7*z + 3. Let x be v(-7). Suppose -38 + 161 = -x*g. Let u = g + 72. Is u a composite number?
False
Suppose -5*o + 2*v + 86 = -10, -2*o = -4*v - 48. Let x be 4/o + 6872/18. Is (2 + -1)/(2/x) composite?
False
Suppose 0*w = -2*w - t + 450, 1125 = 5*w - 3*t. Let u = w + -59. Suppose -4*v + 2*v = x - 157, u = x - v. Is x a prime number?
True
Suppose n = 2*n. Suppose n = 5*b - 14 - 6. Let g = b - -5. Is g composite?
True
Let f(p) = -p - 2. Let z be f(-3). Let d(n) = 3*n. Let i be d(z). Suppose 3*c + i*m = -2*m + 49, -80 = -4*c - 3*m. Is c a composite number?
False
Let y(j) = 1152*j**2 + 2*j + 1. Is y(-1) prime?
True
Let k(j) = -j**2 + 2*j + 2. Let b be (-2)/(4/(-6)) - 1. Let z be k(b). Suppose -3*o - t + 95 = 2*o, 0 = -z*o - 5*t + 38. Is o composite?
False
Suppose 4 = 2*h, 0 = -2*g - 2*g + 2*h - 1736. Let u = -210 - g. Is u a prime number?
True
Let x be ((-4)/(-5))/(2/10). Suppose 5*j + 4*b = 485, 2*j - 2*b + x*b - 194 = 0. Is j prime?
True
Let z(q) = -q**2 - 5*q + 6. Let f be (-1)/4 + 29/4. Let v be (-37)/f + (-8)/(-28). Is z(v) composite?
True
Suppose 0 = -2*y - 4 + 10. Let r be y/(1*3/4). Is (-128 - -1)*(3 - r) prime?
True
Let d(p) = -p**3 - 8*p**2 - 9*p - 13. Is d(-9) a prime number?
True
Suppose 0*a - 2*a + 6 = 0. Suppose -k + 10 = -a*k. Let j(g) = g**3 + 10*g**2 - 5*g - 5. Is j(k) a prime number?
False
Is (-4)/(-15 - -3)*381 prime?
True
Is 0 - (4 - 6 - 161) a prime number?
True
Let g(q) = -677*q**3 - q - 1. Is g(-1) a composite number?
False
Let d = 5 - 1. Suppose d*b = -0*i - i + 317, 2*b - 162 = -4*i. Is b a composite number?
False
Let f = 7 - 2. Let d(l) = 2*l**2 + 4*l + 7. Is d(f) prime?
False
Suppose 4*k + k = 4*g + 20, 20 = 4*g + 5*k. Suppose -t - 4*t + 5*u = -460, g = 3*t + 3*u - 246. Is t a prime number?
False
Suppose -1103 = -3*i + 1342. Is i a prime number?
False
Let x = 6400 + -3503. Is x a composite number?
False
Let g be 7 + 1 + -5 + 3. Is 167/2 + g/4 prime?
False
Suppose 0*h + 132 = 4*h. Suppose 0*d + d - h = 0. Is d prime?
False
Let o(t) = 4*t + 25*t**2 + 10*t**2 + 2 + 2. Is o(3) a composite number?
False
Suppose -719 = p - 2*p. Is p a composite number?
False
Let v = 6 - 10. Let c be (5 + v)*16/(-1). Let j = -6 - c. Is j a composite number?
True
Suppose -2*l - 12 = -h, 3*h = 4*l + l + 36. Let b(s) be the second derivative of s**4/12 - s**3/2 + 11*s**2/2 - s. Is b(h) a prime number?
False
Suppose 0*g = -4*g + 12. Suppose 612 + 15 = 3*s + g*z, -1063 = -5*s + 4*z. Is s a prime number?
True
Let f = 3 - 5. Let q be (-303)/f - 7/14. Suppose -4*b + 78 = 2*j, 4*j + 0*b - q = -3*b. Is j composite?
False
Let o(k) = k**2 + 5*k + 4. Let b be o(-3). Let y be (b/(-4))/((-2)/(-1888)). Suppose -5*f + y = 3*l, 2*f - l - 3*l = 194. Is f a prime number?
False
Suppose 5*n - 8094 - 3451 = 0. Is n a composite number?
False
Let l(b) = -9*b**2 - 9*b + 4*b**3 - 6 - 4*b**3 - b**3. Let f be l(-8). Is f/5 - (-713)/5 a prime number?
False
Let w(b) = b**3 - 19*b**2 + 5*b + 28. Is w(19) composite?
True
Let c(x) = -x + 8. Let w be c(6). Suppose 5*z = h - 3, -4*z = -h - 0*z + w. Is (-2 + -1)/(h/14) a composite number?
True
Let a(b) = 108*b - 23. Is a(12) a composite number?
True
Let r be 3*-43*6/(-9). Let d be 1 + -2 + r + 0. Is d - (-2 - -2)/1 a prime number?
False
Suppose 3*c - 94 = 4*y, -4*y = 4*c - c - 110. Is c composite?
True
Suppose 3*y = 5*y - 136. Let w = -2 + 7. Is w/15 + y/3 a prime number?
True
Suppose 0 = -n - 2*n + 6. Is 129*n*1/6 prime?
True
Let s = 455 + 59. Let d = s + -281. Is d prime?
True
Let d(i) = 17*i + 8. Suppose 3*r + 2*u - 13 = 14, -2*r = 5*u - 29. Is d(r) prime?
True
Let u(y) = 14*y**2 - 13*y + 19. Is u(7) prime?
False
Suppose -4*l - 8 = 4*d, 2*d - 2 = -3*d - 2*l. Suppose c - b = 51, -d*b = 4*c - b - 194. Is c a prime number?
False
Let k(b) = 11*b - 4. Let o(t) = 11*t - 3. Let r(i) = -6*k(i) + 5*o(i). Is r(-10) composite?
True
Let g(u) = -u - 6. Let f be g(-6). Let j be -3*((-140)/(-6) + f). Is (2 + 0)/((-4)/j) composite?
True
Let j be (-2)/(-1 - 32/(-34)). Let i = j + -24. Is i a composite number?
True
Suppose 2*k - 1484 = -3*k + 3*x, k - 280 = -5*x. Is k composite?
True
Let b(y) = -56*y**2 + 5*y + 17. Let u be b(-5). Is (-7)/21 + u/(-3) composite?
True
Let v = 0 + 0. Let s be v*1/3 + 4. Is (0 - (-159)/12)*s a composite number?
False
Suppose -22 = a + 4*i - 8, 2*a + 4*i = -16. Let f be ((a - -1) + 4)*1. Suppose -3*c - f*m = -132, -2*c - m + 232 = 3*c. Is c prime?
True
Suppose 0 = 4*d - 1963 - 3577. Is d a composite number?
True
Let m = 227 - 70. Is m a composite number?
False
Suppose -2*t = 4, 4*m + 3*t = 2*m + 4. Let p = 9 + m. Is p a composite number?
True
Suppose -z - 9 = -4*z. Let h be 38/8 + z/12. Suppose 0 = -5*d - 3*v + 200, -d + 17 = -h*v + v. Is d composite?
False
Let h = 2146 + -903. Is h a prime number?
False
Let k = 1090 + -443. Let c = -462 + k. Is c a composite number?
True
Suppose 2571 = 4*o - 2873. Is o a prime number?
True
Suppose 0 = 5*n - 3*g + 294, -5*g + g = 8. Let j = -5 - n. Is j a composite number?
True
Let r(q) = 8*q**2 + 11*q + 4. Is r(-5) prime?
True
Suppose 0 = 5*w + 5*v - 15, 4*w + 0 - 40 = 3*v. Is w + -7 - -127*1 a composite number?
False
Let x = -1186 + 2835. Is x prime?
False
Suppose 0 = 6*b - 4*b - 1246. Is b a prime number?
False
Suppose 5*j - 239 = 86. Is j prime?
False
Suppose -1809 = -3*b - 0*b. Suppose 2*j = b + 143. Is j a prime number?
True
Suppose 0*t - 3 = t. Let z be t/(-6)*(-1 - -11). Suppose z*m - 161 = 24. Is m composite?
False
Let w(y) = 331*y. Is w(1) a prime number?
True
Suppose -2*l + 479 = -l. Is l a prime number?
True
Let i(n) = -5 - 5 + 72*n + 9 + 32*n. Is i(1) prime?
True
Let r = -16 + 4. Let s = 4 - r. Suppose 0 = 3*m - 131 - s. Is m composite?
True
Suppose 4*k - s - 10 = 0, 3*k + 2*s + 3*s - 19 = 0. Suppose 4*n = -5*g + 808, k*g - 792 = -2*g + 4*n. Let h = g - 91. Is h prime?
False
Suppose k - 2 = 1, 0 = 2*d - 5*k - 91. Is d composite?
False
Let a = -9 + 3. Is (-166)/(a - (-4)/1) a prime number?
True
Suppose 0 = -7*b - b + 5064. Is b a prime number?
False
Let i(p) = -2*p**3 + 0 + 1 + 4*p**2 - 3*p**2. Let q(t) = -3*t**3 + 1. Let u be q(1). Is i(u) prime?
False
Let g be (2/4)/((-3)/(-60)). Suppose 4*a + a = g. Suppose -j + 117 = a*j. Is j a prime number?
False
Let q(j) = -j. Let u(d) = d**3 - d**2 - 7*d + 33. Let r(i) = -6*q(i) + u(i). Is r(0) a composite number?
True
Let j(w) = -w**2 + 3*w + 4. Let p be j(3). Suppose -4 = -p*n, -3*n - 67 = -f - 1. Is f a prime number?
False
Let o be 6/(-12) - 2/4. Is 5/(o - 24/(-22)) prime?
False
Suppose 1816 = 2*h - 4*k - 318, -5*k = 15. Is h a prime number?
True
Suppose -2*w = -7*w + 90. Suppose 3*h - w = -h + 2*f, 2*h + 2*f = 6. Suppose 3*y - 69 = -3*p, -p - h + 3 = -5*y. Is p a composite number?
False
Is 10744/72 - (-4)/(-18) a composite number?
False
Suppose 3*i + 2*i - 25 = 0. Suppose -4*c + i*a + 35 = 0, -4*a - 17 = -3*c + 8. Is c prime?
False
Let x = -6 - -11. Suppose 545 = -x*l + 2010. Is l a composite number?
False
Let t = -1086 - -1805. Is t prime?
True
Suppose -4*u - 3*f + 9 = 0, 0*u + 16 = 4*u - 4*f. Let l(y) = -4*y + u + 2*y - 3*y + 3*y. Is l(-8) composite?
False
Let o = -23 + 404. Suppose 5*h - 243 = -4*f, 16 = -3*h + 1. Suppose -o = -2*d - f. Is d a prime number?
True
Let o(q) = 12*q - 1. Suppose 0*t + 4 = t. Is o(t) composite?
False
Let l = 214 + 59. Suppose 4*m - l = 235. Is m a composite number?
False
Let u(g) = -2*g**2 - 7*g - 7. Let f = 21 + -14. Let d be u(f). Is (d/(-35))/(1/5) prime?
False
Suppose -160 = t - 6*t. Let p = 21 + t. Is p composite?
False
Let r(m) be the first derivative of -3 + 53*m + 1/2*m*